hat is the remainder when 862 is divided by 48?
46
Calculate the remainder when 5772 is divided by 77.
74
Calculate the remainder when 414 is divided by 42.
36
What is the remainder when 65 is divided by 7?
2
Calculate the remainder when 39 is divided by 10.
9
Calculate the remainder when 71 is divided by 10.
1
Calculate the remainder when 2019 is divided by 672.
3
Calculate the remainder when 63 is divided by 24.
15
What is the remainder when 1158 is divided by 572?
14
What is the remainder when 611 is divided by 41?
37
What is the remainder when 244 is divided by 22?
2
Calculate the remainder when 6 is divided by 1.
0
Calculate the remainder when 806 is divided by 45.
41
What is the remainder when 257 is divided by 34?
19
What is the remainder when 193 is divided by 65?
63
Calculate the remainder when 1400 is divided by 54.
50
Calculate the remainder when 914 is divided by 7.
4
What is the remainder when 556 is divided by 130?
36
Calculate the remainder when 117 is divided by 59.
58
What is the remainder when 79 is divided by 21?
16
Calculate the remainder when 726 is divided by 106.
90
What is the remainder when 3933 is divided by 197?
190
What is the remainder when 13 is divided by 4?
1
Calculate the remainder when 3862 is divided by 84.
82
Calculate the remainder when 2705 is divided by 50.
5
Calculate the remainder when 1229 is divided by 16.
13
Calculate the remainder when 498 is divided by 11.
3
What is the remainder when 5914 is divided by 97?
94
What is the remainder when 357 is divided by 95?
72
Calculate the remainder when 12820 is divided by 27.
22
Calculate the remainder when 746 is divided by 44.
42
What is the remainder when 29392 is divided by 23?
21
What is the remainder when 12527 is divided by 27?
26
What is the remainder when 102 is divided by 3?
0
Calculate the remainder when 4038 is divided by 9.
6
Calculate the remainder when 174 is divided by 44.
42
Calculate the remainder when 269 is divided by 55.
49
Calculate the remainder when 28665 is divided by 12.
9
Calculate the remainder when 211 is divided by 40.
11
Calculate the remainder when 11 is divided by 5.
1
What is the remainder when 256 is divided by 31?
8
Calculate the remainder when 3219 is divided by 18.
15
What is the remainder when 122 is divided by 18?
14
Calculate the remainder when 289 is divided by 153.
136
What is the remainder when 55 is divided by 31?
24
Calculate the remainder when 296 is divided by 10.
6
Calculate the remainder when 1014 is divided by 126.
6
What is the remainder when 266 is divided by 90?
86
Calculate the remainder when 526 is divided by 16.
14
What is the remainder when 1867 is divided by 72?
67
What is the remainder when 571 is divided by 154?
109
Calculate the remainder when 95 is divided by 84.
11
What is the remainder when 214 is divided by 79?
56
What is the remainder when 859 is divided by 425?
9
What is the remainder when 384 is divided by 210?
174
Calculate the remainder when 278 is divided by 70.
68
What is the remainder when 1345 is divided by 199?
151
Calculate the remainder when 476 is divided by 107.
48
What is the remainder when 318 is divided by 158?
2
Calculate the remainder when 747 is divided by 190.
177
What is the remainder when 84 is divided by 32?
20
What is the remainder when 142 is divided by 21?
16
Calculate the remainder when 62 is divided by 20.
2
Calculate the remainder when 6777 is divided by 33.
12
Calculate the remainder when 2315 is divided by 14.
5
What is the remainder when 692 is divided by 38?
8
Calculate the remainder when 159 is divided by 54.
51
What is the remainder when 4677 is divided by 1169?
1
What is the remainder when 170 is divided by 9?
8
Calculate the remainder when 1263 is divided by 16.
15
Calculate the remainder when 220 is divided by 142.
78
What is the remainder when 95871 is divided by 38?
35
What is the remainder when 259 is divided by 162?
97
What is the remainder when 220 is divided by 92?
36
What is the remainder when 2969 is divided by 35?
29
What is the remainder when 87 is divided by 31?
25
What is the remainder when 93 is divided by 27?
12
Calculate the remainder when 713 is divided by 21.
20
What is the remainder when 132 is divided by 23?
17
What is the remainder when 447 is divided by 42?
27
What is the remainder when 90 is divided by 33?
24
What is the remainder when 2511 is divided by 16?
15
Calculate the remainder when 50 is divided by 21.
8
Calculate the remainder when 35755 is divided by 261.
259
Calculate the remainder when 304 is divided by 11.
7
What is the remainder when 15678 is divided by 5225?
3
What is the remainder when 38 is divided by 20?
18
What is the remainder when 166 is divided by 45?
31
What is the remainder when 36477 is divided by 285?
282
Calculate the remainder when 58 is divided by 41.
17
What is the remainder when 60 is divided by 26?
8
What is the remainder when 518 is divided by 210?
98
What is the remainder when 2279 is divided by 15?
14
What is the remainder when 505 is divided by 58?
41
What is the remainder when 597 is divided by 25?
22
What is the remainder when 280 is divided by 130?
20
What is the remainder when 150 is divided by 89?
61
What is the remainder when 713 is divided by 55?
53
Calculate the remainder when 1033 is divided by 10.
3
Calculate the remainder when 1420 is divided by 52.
16
Calculate the remainder when 95 is divided by 14.
11
What is the remainder when 356 is divided by 30?
26
What is the remainder when 219 is divided by 23?
12
Calculate the remainder when 100 is divided by 23.
8
What is the remainder when 738 is divided by 731?
7
What is the remainder when 63 is divided by 47?
16
What is the remainder when 14191 is divided by 84?
79
Calculate the remainder when 2956 is divided by 23.
12
What is the remainder when 449 is divided by 25?
24
What is the remainder when 58 is divided by 16?
10
Calculate the remainder when 297 is divided by 70.
17
Calculate the remainder when 124 is divided by 42.
40
Calculate the remainder when 145 is divided by 131.
14
What is the remainder when 80 is divided by 2?
0
Calculate the remainder when 206 is divided by 90.
26
What is the remainder when 644 is divided by 6?
2
Calculate the remainder when 127 is divided by 6.
1
Calculate the remainder when 33 is divided by 28.
5
What is the remainder when 9682 is divided by 255?
247
Calculate the remainder when 1416 is divided by 94.
6
What is the remainder when 348 is divided by 35?
33
What is the remainder when 107 is divided by 26?
3
What is the remainder when 29272 is divided by 51?
49
What is the remainder when 1292 is divided by 21?
11
What is the remainder when 102 is divided by 77?
25
What is the remainder when 297 is divided by 7?
3
What is the remainder when 2090 is divided by 40?
10
What is the remainder when 1233 is divided by 408?
9
Calculate the remainder when 494 is divided by 99.
98
Calculate the remainder when 931 is divided by 450.
31
What is the remainder when 1105 is divided by 189?
160
What is the remainder when 1478 is divided by 25?
3
Calculate the remainder when 27300 is divided by 57.
54
What is the remainder when 28 is divided by 6?
4
Calculate the remainder when 9495 is divided by 3164.
3
What is the remainder when 80 is divided by 2?
0
What is the remainder when 361 is divided by 90?
1
Calculate the remainder when 169 is divided by 20.
9
Calculate the remainder when 12151 is divided by 118.
115
Calculate the remainder when 910 is divided by 317.
276
Calculate the remainder when 1660 is divided by 13.
9
Calculate the remainder when 109 is divided by 12.
1
What is the remainder when 110 is divided by 34?
8
Calculate the remainder when 430 is divided by 9.
7
Calculate the remainder when 593 is divided by 5.
3
What is the remainder when 2272 is divided by 565?
12
Calculate the remainder when 28671 is divided by 107.
102
What is the remainder when 278 is divided by 16?
6
What is the remainder when 51 is divided by 10?
1
Calculate the remainder when 503 is divided by 56.
55
What is the remainder when 18 is divided by 4?
2
Calculate the remainder when 213 is divided by 30.
3
Calculate the remainder when 112 is divided by 30.
22
Calculate the remainder when 1404 is divided by 354.
342
What is the remainder when 214 